{"id":163,"date":"2024-08-17T17:11:29","date_gmt":"2024-08-17T15:11:29","guid":{"rendered":"https:\/\/staging.grundschule-birlenbach.de\/?page_id=163"},"modified":"2024-08-17T17:11:29","modified_gmt":"2024-08-17T15:11:29","slug":"impressum","status":"publish","type":"page","link":"https:\/\/www.grundschule-birlenbach.de\/?page_id=163","title":{"rendered":"Impressum"},"content":{"rendered":"\n<h2 class=\"wp-block-heading\">Impressum<\/h2>\n\n\n\n<p>Grundschule Birlenbach<br>Schulleiterin Dr. Simone Waplinger<br>Schulstra\u00dfe 19b<br>65626 Birlenbach<\/p>\n\n\n\n<p>Telefon: 06432 8600<br>E-Mail:&nbsp;<a href=\"mailto:info@grundschule-birlenbach.de\">info@grundschule-birlenbach.de<\/a><\/p>\n\n\n\n<p>Schultr\u00e4ger:<\/p>\n\n\n\n<p>Verbandsgemeinde Diez<\/p>\n\n\n\n<p><strong>Verbandsgemeindeverwaltung&nbsp;<\/strong><br>Louise-Seher-Stra\u00dfe 1, 65582 Diez<br>Telefon 06432 501-0<br>Telefax 06432 501-242<br>E-Mail:&nbsp;<a href=\"mailto:verwaltung@vgdiez.de\">verwaltung@vgdiez.de<\/a><\/p>\n\n\n\n<p><\/p>\n\n\n\n<p><\/p>\n\n\n\n<p class=\"has-small-font-size\">Impressum nach den Informationen des&nbsp;<a href=\"https:\/\/medienkompetenz.bildung-rp.de\/%20materialien\/schulemedienrecht.html\">Bildungsservers<\/a>&nbsp;<a href=\"https:\/\/medienkompetenz.bildung-rp.de\/fileadmin\/user_upload\/medienkompetenz-macht-schule.bildung-rp.de\/dateien\/Schule.Medien.Recht\/Baustein2_SMR_aktualisierte_Fassung.pdf\">\u201cmedienkompetenz.bildung-rp\u201d<\/a><\/p>\n\n\n\n<p class=\"has-small-font-size\">\u25a0&nbsp;der vollst\u00e4ndige Name der Schule<br>\u25a0&nbsp;der vollst\u00e4ndige Name des Schulleiters und dessen Vertreters<\/p>\n\n\n\n<p class=\"has-small-font-size\">\u25a0&nbsp;eine ladungsf\u00e4hige Anschrift<br>Ladungsf\u00e4hig bedeutet, dass mit einer tats\u00e4chlichen Zustellung in angemessener Zeit, also demn\u00e4chst, gerechnet werden kann.<\/p>\n\n\n\n<p class=\"has-small-font-size\">Da es bez\u00fcglich der Schulen bis heute keine Rechtsprechung gibt und sich auch in der Literatur nur wenig mit einer Impressumspflicht f\u00fcr Schulen besch\u00e4ftigt wird, ist es zu empfehlen, folgende Informationen zum Impressum noch hinzuzuf\u00fcgen:<\/p>\n\n\n\n<p class=\"has-small-font-size\">\u25a0&nbsp;Angaben f\u00fcr eine elektronische Kontaktaufnahme (E-Mail-Adresse)<br>\u25a0&nbsp;Angaben f\u00fcr eine unmittelbare Kommunikation (Telefonnummer)<br>\u25a0&nbsp;Zus\u00e4tzlich wird empfohlen, alle oben genannten Angaben auch f\u00fcr den Schultr\u00e4ger, also die Bezeichnung der Kommune, des Landkreises etc. aufzunehmen.<\/p>\n","protected":false},"excerpt":{"rendered":"<p>Impressum Grundschule BirlenbachSchulleiterin Dr. Simone WaplingerSchulstra\u00dfe 19b65626 Birlenbach Telefon: 06432 8600E-Mail:&nbsp;info@grundschule-birlenbach.de Schultr\u00e4ger: Verbandsgemeinde Diez Verbandsgemeindeverwaltung&nbsp;Louise-Seher-Stra\u00dfe 1, 65582 DiezTelefon 06432 501-0Telefax 06432 501-242E-Mail:&nbsp;verwaltung@vgdiez.de Impressum nach den Informationen des&nbsp;Bildungsservers&nbsp;\u201cmedienkompetenz.bildung-rp\u201d \u25a0&nbsp;der vollst\u00e4ndige Name der Schule\u25a0&nbsp;der vollst\u00e4ndige Name des Schulleiters und dessen Vertreters \u25a0&nbsp;eine ladungsf\u00e4hige AnschriftLadungsf\u00e4hig bedeutet, dass mit einer tats\u00e4chlichen Zustellung in angemessener Zeit, also demn\u00e4chst, gerechnet werden [&hellip;]<\/p>\n","protected":false},"author":2,"featured_media":0,"parent":0,"menu_order":0,"comment_status":"closed","ping_status":"closed","template":"","meta":{"inline_featured_image":false,"footnotes":""},"class_list":["post-163","page","type-page","status-publish","hentry"],"_links":{"self":[{"href":"https:\/\/www.grundschule-birlenbach.de\/index.php?rest_route=\/wp\/v2\/pages\/163","targetHints":{"allow":["GET"]}}],"collection":[{"href":"https:\/\/www.grundschule-birlenbach.de\/index.php?rest_route=\/wp\/v2\/pages"}],"about":[{"href":"https:\/\/www.grundschule-birlenbach.de\/index.php?rest_route=\/wp\/v2\/types\/page"}],"author":[{"embeddable":true,"href":"https:\/\/www.grundschule-birlenbach.de\/index.php?rest_route=\/wp\/v2\/users\/2"}],"replies":[{"embeddable":true,"href":"https:\/\/www.grundschule-birlenbach.de\/index.php?rest_route=%2Fwp%2Fv2%2Fcomments&post=163"}],"version-history":[{"count":1,"href":"https:\/\/www.grundschule-birlenbach.de\/index.php?rest_route=\/wp\/v2\/pages\/163\/revisions"}],"predecessor-version":[{"id":164,"href":"https:\/\/www.grundschule-birlenbach.de\/index.php?rest_route=\/wp\/v2\/pages\/163\/revisions\/164"}],"wp:attachment":[{"href":"https:\/\/www.grundschule-birlenbach.de\/index.php?rest_route=%2Fwp%2Fv2%2Fmedia&parent=163"}],"curies":[{"name":"wp","href":"https:\/\/api.w.org\/{rel}","templated":true}]}}