{"id":93,"date":"2024-08-17T11:42:56","date_gmt":"2024-08-17T09:42:56","guid":{"rendered":"https:\/\/staging.grundschule-birlenbach.de\/?page_id=93"},"modified":"2024-08-25T21:33:16","modified_gmt":"2024-08-25T19:33:16","slug":"elterninformation","status":"publish","type":"page","link":"https:\/\/www.grundschule-birlenbach.de\/?page_id=93","title":{"rendered":"Elterninformation"},"content":{"rendered":"\n<div class=\"wp-block-group alignfull has-accent-background-color has-background has-global-padding is-layout-constrained wp-container-core-group-is-layout-669513ed wp-block-group-is-layout-constrained\" style=\"margin-top:0;margin-bottom:0;padding-top:var(--wp--preset--spacing--50);padding-right:var(--wp--preset--spacing--50);padding-bottom:var(--wp--preset--spacing--50);padding-left:var(--wp--preset--spacing--50)\">\n<details class=\"wp-block-details alignwide has-x-large-font-size is-layout-flow wp-block-details-is-layout-flow\"><summary>Erster Elternbrief <\/summary>\n<p><\/p>\n\n\n\n<div data-wp-interactive=\"core\/file\" class=\"wp-block-file\"><object data-wp-bind--hidden=\"!state.hasPdfPreview\" hidden class=\"wp-block-file__embed\" data=\"https:\/\/www.grundschule-birlenbach.de\/wp-content\/uploads\/2024\/08\/Elternbrief-Nr.-1-24-25.pdf\" type=\"application\/pdf\" style=\"width:100%;height:600px\" aria-label=\"Einbettung von Elternbrief Nr. 1 24-25.\"><\/object><a id=\"wp-block-file--media-28de2ee2-ba56-485a-a9f6-dd0a3d06e216\" href=\"https:\/\/www.grundschule-birlenbach.de\/wp-content\/uploads\/2024\/08\/Elternbrief-Nr.-1-24-25.pdf\">Elternbrief Nr. 1 24-25<\/a><a href=\"https:\/\/www.grundschule-birlenbach.de\/wp-content\/uploads\/2024\/08\/Elternbrief-Nr.-1-24-25.pdf\" class=\"wp-block-file__button wp-element-button\" download aria-describedby=\"wp-block-file--media-28de2ee2-ba56-485a-a9f6-dd0a3d06e216\">Herunterladen<\/a><\/div>\n<\/details>\n\n\n\n<div class=\"wp-block-columns alignwide is-layout-flex wp-container-core-columns-is-layout-1da03c2a wp-block-columns-is-layout-flex\">\n<div class=\"wp-block-column is-vertically-aligned-stretch is-layout-flow wp-block-column-is-layout-flow\" style=\"flex-basis:50%\">\n<div class=\"wp-block-group is-vertical is-content-justification-stretch is-layout-flex wp-container-core-group-is-layout-444d5ee8 wp-block-group-is-layout-flex\" style=\"min-height:100%\">\n<p class=\"has-system-sans-serif-font-family has-x-large-font-size\" style=\"line-height:1.2\">Das neue Schuljahr beginnt am Montag, den 26. August 2024 f\u00fcr die Klassenstufen 2,3 und 4 um 8.00 Uhr. Der Unterricht endet an diesem Tag f\u00fcr Klasse 2 um 12.00 Uhr, f\u00fcr die Klassen 3 und 4 um 13.00 Uhr.<br><br>Unsere neuen Erstkl\u00e4sslerinnen und Erstkl\u00e4ssler begr\u00fc\u00dfen wir am Dienstag, den 27. August 2024 um 10.00 Uhr.<\/p>\n\n\n\n<p><\/p>\n\n\n\n<p><\/p>\n\n\n\n<p><\/p>\n\n\n\n<p><\/p>\n<\/div>\n<\/div>\n\n\n\n<div class=\"wp-block-column is-vertically-aligned-center is-layout-flow wp-block-column-is-layout-flow\" style=\"flex-basis:50%\">\n<figure class=\"wp-block-image size-large is-style-rounded is-style-rounded--1\"><img loading=\"lazy\" decoding=\"async\" width=\"1024\" height=\"461\" src=\"https:\/\/staging.grundschule-birlenbach.de\/wp-content\/uploads\/2024\/07\/IMG_20240712_160956-1024x461.jpg\" alt=\"\" class=\"wp-image-39\" style=\"aspect-ratio:3\/4;object-fit:cover\" srcset=\"https:\/\/www.grundschule-birlenbach.de\/wp-content\/uploads\/2024\/07\/IMG_20240712_160956-1024x461.jpg 1024w, https:\/\/www.grundschule-birlenbach.de\/wp-content\/uploads\/2024\/07\/IMG_20240712_160956-300x135.jpg 300w, https:\/\/www.grundschule-birlenbach.de\/wp-content\/uploads\/2024\/07\/IMG_20240712_160956-768x346.jpg 768w, https:\/\/www.grundschule-birlenbach.de\/wp-content\/uploads\/2024\/07\/IMG_20240712_160956-1536x691.jpg 1536w, https:\/\/www.grundschule-birlenbach.de\/wp-content\/uploads\/2024\/07\/IMG_20240712_160956-2048x922.jpg 2048w\" sizes=\"auto, (max-width: 1024px) 100vw, 1024px\" \/><\/figure>\n<\/div>\n<\/div>\n<\/div>\n","protected":false},"excerpt":{"rendered":"<p>Das neue Schuljahr beginnt am Montag, den 26. August 2024 f\u00fcr die Klassenstufen 2,3 und 4 um 8.00 Uhr. Der Unterricht endet an diesem Tag f\u00fcr Klasse 2 um 12.00 Uhr, f\u00fcr die Klassen 3 und 4 um 13.00 Uhr. Unsere neuen Erstkl\u00e4sslerinnen und Erstkl\u00e4ssler begr\u00fc\u00dfen wir am Dienstag, den 27. August 2024 um 10.00 [&hellip;]<\/p>\n","protected":false},"author":1,"featured_media":0,"parent":0,"menu_order":0,"comment_status":"closed","ping_status":"closed","template":"","meta":{"inline_featured_image":false,"footnotes":""},"class_list":["post-93","page","type-page","status-publish","hentry"],"_links":{"self":[{"href":"https:\/\/www.grundschule-birlenbach.de\/index.php?rest_route=\/wp\/v2\/pages\/93","targetHints":{"allow":["GET"]}}],"collection":[{"href":"https:\/\/www.grundschule-birlenbach.de\/index.php?rest_route=\/wp\/v2\/pages"}],"about":[{"href":"https:\/\/www.grundschule-birlenbach.de\/index.php?rest_route=\/wp\/v2\/types\/page"}],"author":[{"embeddable":true,"href":"https:\/\/www.grundschule-birlenbach.de\/index.php?rest_route=\/wp\/v2\/users\/1"}],"replies":[{"embeddable":true,"href":"https:\/\/www.grundschule-birlenbach.de\/index.php?rest_route=%2Fwp%2Fv2%2Fcomments&post=93"}],"version-history":[{"count":5,"href":"https:\/\/www.grundschule-birlenbach.de\/index.php?rest_route=\/wp\/v2\/pages\/93\/revisions"}],"predecessor-version":[{"id":188,"href":"https:\/\/www.grundschule-birlenbach.de\/index.php?rest_route=\/wp\/v2\/pages\/93\/revisions\/188"}],"wp:attachment":[{"href":"https:\/\/www.grundschule-birlenbach.de\/index.php?rest_route=%2Fwp%2Fv2%2Fmedia&parent=93"}],"curies":[{"name":"wp","href":"https:\/\/api.w.org\/{rel}","templated":true}]}}